 = -g + 2*u + 11, -3*g = -5*u + 37. Let k be 39/(-5) - g/(-20). Let n = k + 19. List the prime factors of n.
11
Suppose 1255 = o - 0*o - 2*b, -2*o = 4*b - 2494. List the prime factors of o.
3, 139
Suppose 4*m - 4*c + 128 = 0, -116 = 2*m + 5*c - 31. Let v = 87 + m. Suppose 2*b = -3*q + v, 4*b + 3*q - 143 = -39. List the prime factors of b.
2, 13
Let d(p) = 7*p + 2*p**3 + 7*p**2 + 2*p**3 - 29 + p**3. Let t(l) = -4*l**3 - 6*l**2 - 6*l + 29. Let i(v) = 5*d(v) + 6*t(v). What are the prime factors of i(0)?
29
Let v = 55 + -60. Let y(q) = -q**3 - 5*q + 9. List the prime factors of y(v).
3, 53
Let l = 3454 - 607. What are the prime factors of l?
3, 13, 73
Let b(o) = 336*o - 97. What are the prime factors of b(3)?
911
Let x be (-123)/12*1*4. Let w = 4 - x. List the prime factors of w.
3, 5
Let y(i) = 3*i**2 - 13*i + 12. Let p be y(5). Let j = p + -5. Suppose 0 = -n + 4*u + 35, -n = -0*u + 2*u - j. List the prime factors of n.
23
Let z(g) be the second derivative of 3*g**5/5 + g**4/12 + g**3/2 - g**2 + 7*g. List the prime factors of z(2).
2, 13
List the prime factors of (-10 + -3846)/(-4) + 6.
2, 5, 97
Let q(n) = -n + 11 - 4*n + 6*n. Let w be q(-11). Suppose -g = -w*g - 21. List the prime factors of g.
3, 7
Let o = 2066 - 130. Suppose u + o = 9*u. List the prime factors of u.
2, 11
Suppose 3*y + 4*m = 22, -y = 3*m - m - 4. Let o be (-148)/(-28) - 4/y. Suppose -o*p + 252 = -103. List the prime factors of p.
71
What are the prime factors of (-960)/(-176)*1133/2?
2, 3, 5, 103
Let m(q) = -3*q + 27. Let g be m(7). Suppose g*i - 9*i = -129. What are the prime factors of i?
43
What are the prime factors of 239*7 + (72 - 75)?
2, 5, 167
Let g = -5 - -63. Suppose -g = 4*k - 350. List the prime factors of k.
73
Let j(q) = -110*q - 18. What are the prime factors of j(-2)?
2, 101
Suppose 0*i = 2*i - 242. Let m = -60 + i. List the prime factors of m.
61
Let m be 180/54*6/5. Suppose -d = m*d - 35. List the prime factors of 1/1 + d + 5.
13
Let i(d) = -42*d + 16. Let u be (87/7)/(-3) + (-6)/(-42). List the prime factors of i(u).
2, 23
Suppose 0 = -b + 169 + 41. Let s = b + -136. List the prime factors of s.
2, 37
Let a = 89 + -83. Suppose 4*t + 596 = a*t. List the prime factors of t.
2, 149
Let s be 0 + -3 - (-18)/(-3). Let u(g) = -2*g - 12. Let q be u(s). List the prime factors of q/24 + (-477)/(-12).
2, 5
Suppose 0 = -5*x - 5*r + 30, -4*r = -3*x + 8 - 18. List the prime factors of x - -1 - (18 + -21).
2, 3
Let i be (-4)/20 - 33/(-15). Let q(o) = o**2 - 1. What are the prime factors of q(i)?
3
Suppose 15*h = 20*h - 20. List the prime factors of (-87)/(-4) + h/(-48)*9.
3, 7
Let o(a) = -4*a**2 - 14*a + 42. Let z(v) = 3*v**2 + 15*v - 42. Let d(w) = 2*o(w) + 3*z(w). What are the prime factors of d(-24)?
2, 3, 7
Let q(y) = y**2 - 10*y + 13. Suppose -w = 7 - 2, h + 2*w + 1 = 0. List the prime factors of q(h).
2
What are the prime factors of (-76)/(-57)*(-2 - 0)*-51?
2, 17
Let g be ((-18)/27)/(2/3). Let p(s) = -202*s - 6. What are the prime factors of p(g)?
2, 7
Let z = 166 + -124. Suppose -z + 45 = p. What are the prime factors of p?
3
Let i = 3533 - 842. What are the prime factors of i?
3, 13, 23
Let t be 0/(-1 - -4) + 11. Let c(h) = 6 - 32 + 6 + 3*h + 8. What are the prime factors of c(t)?
3, 7
Let s = -54 - -47. Let f(r) = 3*r**3 - 14*r**2 + 11*r - 9. Let w(x) = -x**3 + 7*x**2 - 5*x + 4. Let d(n) = 2*f(n) + 5*w(n). List the prime factors of d(s).
23
Let d(r) = -r**3 - 2*r**2 + 5*r + 5. Let g be d(-2). What are the prime factors of 7/g*(-1 - 4)?
7
Suppose -9 - 56 = -5*r. List the prime factors of r/((-26)/(-12))*2.
2, 3
List the prime factors of (-24160)/16*(-1)/2.
5, 151
Suppose 5*j + 5*z + 205 = 0, -3*z - 86 - 113 = 5*j. Let v(w) = 3*w**2 + 4*w - 7. Let m be v(-6). Let q = j + m. List the prime factors of q.
3, 13
Suppose -4*l + 2*u + 22 = 0, l + u = 5*l - 21. Suppose 0 = 4*g + 5*d + 4, g - d = -l*d - 1. What are the prime factors of (-175)/(-20)*(3 - g)?
5, 7
Let k = 20 + -14. Suppose 5*t = k*t. Suppose q + 2*q + 9 = t, q + 11 = 4*v. List the prime factors of v.
2
Suppose -2 = -4*c - 2*i, 2*i - i = c + 1. Suppose 0*o + 2*a + 20 = o, -2*o + 2*a + 48 = c. List the prime factors of o.
2, 7
Suppose 3*g - 1 = 4*b, -2*b + 4*b + 8 = 4*g. Suppose 5*y = 2*y, y = g*l - 111. What are the prime factors of l?
37
Suppose 0 = -2*s - 3*s + 25. What are the prime factors of 3620/50 - (-3)/s?
73
Let c(d) = 3250*d**3 - d**2 + d. List the prime factors of c(1).
2, 5, 13
Suppose 25*h = 235 + 65. What are the prime factors of h?
2, 3
Suppose -17*k = -22*k + 20. Suppose z = k*x - 284, 2*x + 5*z - 4*z - 142 = 0. List the prime factors of x.
71
Suppose 3*u - 182 = 2212. List the prime factors of u.
2, 3, 7, 19
Suppose -14*g + 528 = -12*g. What are the prime factors of g?
2, 3, 11
Suppose 3*d = 2*d + 3. Suppose -d*p = -6*p + 69. Let h = p - -7. What are the prime factors of h?
2, 3, 5
Suppose -26 = -2*k - 4*m, -5*k - m = -35 + 6. Suppose -2*n + 2*b + 48 = 0, 3*n = 2*n - k*b + 48. Let h = n - 4. List the prime factors of h.
2, 3
Let c(k) = 12*k**2 - 5*k + 6. Let b be 1*(-19 - -4)/(-5). What are the prime factors of c(b)?
3, 11
Suppose -4*t + 2*r = -4106, 0 = 3*t - r - 3435 + 353. List the prime factors of t.
3, 7
Suppose -13*y - 1273 = -5342. List the prime factors of y.
313
Suppose -l + 16 = 3*l - z, -l = -3*z + 7. Suppose -2*u + 9 = -l. What are the prime factors of (6 - u)*(-11 + 2)?
3
Suppose 25 = 3*h + 2*i, -h + 10 = -0*i + i. Suppose -85 = -h*v + 45. What are the prime factors of v?
2, 13
Suppose 658 = 11*i + 3*i. List the prime factors of i.
47
What are the prime factors of 2617 + ((-16)/14)/((-6)/21)?
2621
Let v be 7/((-70)/(-36)) + (-20)/(-50). Suppose -u + 0*u = z - 238, 0 = -2*u - v*z + 472. List the prime factors of u.
2, 3, 5
Suppose 5*b = 2*v - 2092, 2*v - 1061 = b + 1015. List the prime factors of v.
2, 7, 37
Let m(z) = z**3 - z**2 + 37. Suppose 4*y + 26 = 5*t + y, 2*t = -4*y. Suppose t*n - n = 0. List the prime factors of m(n).
37
Suppose 17*n - 2060 = 15*n. What are the prime factors of n?
2, 5, 103
Suppose 5*j = -26 - 14. Let v be 2/j - 3/(-12). Suppose v = -b + 1 + 16. List the prime factors of b.
17
What are the prime factors of (-1)/(5394/2698 - 2)?
19, 71
Suppose 0 = -5*p + 5*k + 2189 + 371, -3*p + 2*k = -1532. List the prime factors of p.
2, 127
Let k be -3*((-8)/10)/((-27)/(-2610)). Suppose 0 = 3*v + 2*j + k - 737, -2*v + 337 = j. What are the prime factors of v?
13
Let q(a) = -2*a**3 + 355. List the prime factors of q(0).
5, 71
Suppose -12*w - 1 = -11*w, -5*i = -4*w - 19084. What are the prime factors of i?
2, 3, 53
Suppose -7262 = -5*u + 4*j, -u + 2043 = -j + 591. What are the prime factors of u?
2, 727
Let i(p) = -3 - 5 + 8 + p. Let d(r) = -r + 1. Let f(h) = -3*d(h) + 6*i(h). List the prime factors of f(3).
2, 3
Let b(x) = -x**2 - 14*x - 2. Let i(h) = -h + 17. Let z be i(17). Suppose 2*n + 4*n + 54 = z. What are the prime factors of b(n)?
43
Let y(k) = -465*k - 285. What are the prime factors of y(-4)?
3, 5, 7
Let i be 23 - (3 - (-3 - -8)). Let j(u) = -u**3 + 6*u**2 + 9*u - 10. Let z be j(7). Suppose o - i = -z*o. What are the prime factors of o?
5
Let l = 1577 + -447. List the prime factors of l.
2, 5, 113
Let v(o) be the second derivative of -o**5/20 + 4*o**4/3 + 5*o**3/6 + 16*o**2 + 19*o. What are the prime factors of v(16)?
2, 7
Let j(r) = r**2 + 5*r**2 + 3 - 6*r**3 + 5*r**3 + 6*r**2. Let w be j(12). Let t = 18 - w. List the prime factors of t.
3, 5
Suppose 39 - 9 = 5*j. Let n(a) = 3*a**2 + 5*a - 20. What are the prime factors of n(j)?
2, 59
Let j(r) be the first derivative of r**4/4 + 14*r**3/3 + 4*r**2 - 12*r - 1. Let b(o) = o**2 - 13*o - 1. Let m be b(12). List the prime factors of j(m).
53
Let s = 25 + -2. Suppose -y - 3 = -s. What are the prime factors of y?
2, 5
Let m(j) = -j**2 + 14*j - 8. Let f be m(13). Suppose -3*l + 65 = 4*c, 3*c + 144 = f*l - 3. What are the prime factors of (-6)/l - 292/(-18)?
2
Let g = 4587 - 2502. List the prime factors of g.
3, 5, 139
Suppose 4*p - 692 = 58*d - 53*d, p - 174 = d. What are the prime factors of p?
2, 89
Let p(i) = 3*i - 7. Let m(x) be the third derivative of 5*x**4/8 - x**3/2 - 3*x**2. Let w be m(1). List the prime factors of p(w).
29
Suppose -26 = k + 3*t, 0 = -4*k - 2*t - 7 - 47. Let n be (k/(-22))/((-2)/100). W